ime factors of v(-8)?
19, 479
Let a = 19147 + -11221. What are the prime factors of a?
2, 3, 1321
List the prime factors of 18/(-15)*1261155/(-63).
2, 12011
Let f be (-2)/3*-5*24/(-20). Let c(s) = s**3 + 4*s**2 - 4*s - 7. Let q be c(f). Suppose g = -0*g - 3*a + 162, -q = -3*a. What are the prime factors of g?
3, 17
Let l(q) = -q + 4. Let w be l(-4). Suppose -3*r + 4 = -w. Let p(j) = 15*j + 7. List the prime factors of p(r).
67
Suppose -8*z + 333 - 45 = 0. Suppose -10307 - 59389 = -z*n. List the prime factors of n.
2, 11
Let a(f) = f - 2. Let t be a(10). Let j = 35 - t. Let y = j - -43. What are the prime factors of y?
2, 5, 7
Let q be 5/((-15)/6) - -4. Suppose -4*f + 88 = 2*x, -f - 40 = -q*x + 68. Let r = 18 + x. List the prime factors of r.
2, 5, 7
Let o(w) = -w**2 + 51*w - 94. Let c = 175 + -151. List the prime factors of o(c).
2, 277
Let w(s) = -49*s + 4. Let x(p) = -2*p**3 - 12*p**2 + 17*p + 17. Let g be x(-7). List the prime factors of w(g).
2, 5
Let r = 8931 + -4057. What are the prime factors of r?
2, 2437
Let a be 6/(30/6167) - 8/20. Suppose 1233 = b - 2*v, -b + 33*v - 29*v + a = 0. List the prime factors of b.
3, 137
What are the prime factors of (0 - (-384)/36)/((-4)/(-2802))?
2, 467
Let i = 177 - 755. Let q = i + 848. List the prime factors of q.
2, 3, 5
Let b(m) = m**3 + 8*m**2 + 6*m - 2. Let o be b(-7). Let s(u) = 3*u**3 + 3*u - o*u - 7*u**2 + 6 + 7*u. What are the prime factors of s(4)?
2, 53
Let v(c) = -1179*c - 971. What are the prime factors of v(-44)?
5, 10181
Suppose -3*r - 4*o + 7090 = 0, -945 - 3815 = -2*r + 4*o. Suppose -27*v + 17*v + r = 0. List the prime factors of v.
3, 79
Let v(r) = 153*r**2 - 4*r + 6. Let a(w) = -307*w**2 + 8*w - 13. Let c(t) = 4*a(t) + 9*v(t). What are the prime factors of c(2)?
2, 5, 59
Let b(d) = d**3 - 11*d**2 - 11*d + 16. Let g be b(12). Suppose 7*q + g = 553. What are the prime factors of ((-12)/(-4) - 2) + q?
2, 19
Suppose -3*n + 12 = 0, 31*t = 35*t + 4*n - 98908. What are the prime factors of t?
3, 41, 67
Suppose 4*z = -3*i, -z = 5*i + 3*z. Let w be (-6)/(3 - i)*(-80)/1. Suppose 0 = c + c - w. What are the prime factors of c?
2, 5
Let o(v) = -2*v**3 + 14*v**2 + 1. Let z be o(7). Let j be (0/(-2) + z)/((-23)/(-138)). Suppose -j*x - 87 = -1737. What are the prime factors of x?
5, 11
Let j be -4 + 4/6*3. Let g(f) = -5*f**3 + 10*f + 5*f - 16*f + 2*f**2 + 2*f. What are the prime factors of g(j)?
2, 23
Suppose -12*k + 11*k - 3*u = -30, 4*k = -3*u + 138. Suppose 0 = -44*f + k*f + 4200. List the prime factors of f.
3, 5, 7
Let v = -98371 + 153433. What are the prime factors of v?
2, 3, 7, 19, 23
Let c(z) = -19*z**2 + 3*z - 3. Let v be c(-3). Let f(k) = 2*k**2 + 6*k - 44. Let a be f(-15). Let d = a + v. What are the prime factors of d?
7, 19
Suppose 0 = 5*y, 4*y = -q + 4*q - 162. Suppose p = 51 - q. Let o(a) = -5*a**3 + 2*a**2 + 3*a + 5. What are the prime factors of o(p)?
149
Suppose 8*j - 1954 = 7*j. Let p = 1021 - j. What are the prime factors of p/(-12) + (-1)/(-4)?
2, 3, 13
Suppose 7 = -4*s - 5. Let d(y) = -19*y + 15. Let l be d(s). Suppose 13*v - 14*v = -l. What are the prime factors of v?
2, 3
Suppose 2*p + 41711 = 4*i - 11431, -3*p = -9. List the prime factors of i.
3, 43, 103
Let g be 9/(-6)*30/9 + 12147. Suppose 38*h - g = 12*h. What are the prime factors of h?
467
Let j = -57 + 39. Let o be ((-2)/(-6) - -1)/(j/702). Let c = -29 - o. List the prime factors of c.
23
Let p be (10/(-5))/(-2) + -4. Let s(h) = -7*h**3 - h**2 + 3*h + 3. Let o be s(p). Suppose 0*c - o = -2*c. List the prime factors of c.
3, 29
Let z(k) = 42633*k**3 + 9*k**2 - 5*k + 4. What are the prime factors of z(1)?
42641
Let v(t) = -92*t - 107. Let z(f) = -45*f - 54. Let q(b) = -4*v(b) + 9*z(b). List the prime factors of q(-12).
2, 193
Suppose -74043 = -3*d - r, -99*r + 74019 = 3*d - 102*r. List the prime factors of d.
23, 29, 37
Suppose -n + 20 + 17 = 2*q, 0 = 5*q - 4*n - 99. Let p = q + 304. List the prime factors of p.
17, 19
Let l be (-4264)/39 + (-8)/(-6). Let r = 96 - l. What are the prime factors of r?
2, 3, 17
Let f be (26/39)/(4/(-12)). Let s(i) be the third derivative of i**5/15 + 5*i**4/24 + i**3 + 2*i**2. List the prime factors of s(f).
2, 3
Let n(j) = j**3 + 5*j**2 - 9*j - 14. Let l be n(-6). Suppose l*d = 2400 - 428. Suppose 357 = 17*p - d. What are the prime factors of p?
2, 5
Let p = -1107 - -3595. Suppose 2*d - 6*d = -p. What are the prime factors of d?
2, 311
Let x be 5*6/(-75) + 242/5. What are the prime factors of ((x/(-9))/(-16))/(1/1830)?
2, 5, 61
Let o = -1175 - -2441. Suppose -1271*z + o*z = -4260. List the prime factors of z.
2, 3, 71
Let g = -255 - 54. Let i = 458 + g. List the prime factors of i.
149
Suppose -3*q = 78 + 420. Let x = q - -387. What are the prime factors of x?
13, 17
Let h(w) = 3498*w**3 - 7*w**2 + 17*w - 12. List the prime factors of h(2).
2, 3, 4663
Let i = 4818 - -2936. What are the prime factors of i?
2, 3877
Suppose -2219 - 7734 = 37*h. Let u = h + 1235. List the prime factors of u.
2, 3, 7, 23
Suppose 43*o = 146 + 26. Suppose 5715 - 720 = 4*l - f, 4*l - o*f = 5004. List the prime factors of l.
2, 3, 13
Let r = 25422 + -5814. What are the prime factors of r?
2, 3, 19, 43
Suppose 0 = -2*o + 3*x + 37263, 4*o = x + 66457 + 8084. List the prime factors of o.
2, 3, 1553
Suppose -2*k = -a + 1239, -11*k + 4*a + 1234 = -13*k. Let v = k - -1273. List the prime factors of v.
2, 3, 109
Let g = 314 + -23. Let m be 74/18 - (-8 - (-803)/99). Suppose 0 = 5*t - n - g, -m*t + 3*t + n + 55 = 0. What are the prime factors of t?
59
Suppose 13*p - 11*p + 10 = 0, 2*x = p - 1909. Let t = x - -2114. What are the prime factors of t?
13, 89
Let r be (-675)/90*308/5. Let w = r + 1174. What are the prime factors of w?
2, 89
Let f = 240 - 233. Suppose -f*h = -2*h - 315. List the prime factors of h.
3, 7
Let i(f) = -24*f - 35. Suppose 2*g + 5*p - p + 90 = 0, 2*g + 2*p + 80 = 0. Let s be (-7)/(g/10)*-4. What are the prime factors of i(s)?
157
Suppose 2*u + 2*a - 4 = 0, -2*u + 5*a + 26 = 2*u. Let n = 55 + u. List the prime factors of n.
59
Let c(w) = -w**2 + 14*w - 31. Let x be c(9). Let v = 18000 + -10848. List the prime factors of (-2)/x - v/(-84).
5, 17
Let q be -1 + 20/(-3 + 4). Let u = 52 + q. Suppose -4*r + u = -5*p, 2*r = -5*p + 46 - 3. What are the prime factors of r?
19
Let a be -1670*(19 + -23 + (-18)/(-5)). Suppose a + 88 = 4*m. What are the prime factors of m?
3, 7
Let r = -24 - -20. Let k(v) = -3*v - 9. Let c be k(r). Suppose -t - 6 = -c, -3*w - 4*t + 297 = 0. What are the prime factors of w?
103
Suppose -32*a - 44*a + 261824 = -12*a. What are the prime factors of a?
4091
Let p(i) = -i**3 - i**2 + i - 5. Let b(o) be the second derivative of o**3/2 + 9*o**2 + 17*o. Let r be b(-7). What are the prime factors of p(r)?
2, 5
Let d = 992 - 1532. What are the prime factors of -3 + 4 + d/(-5)?
109
Let o(x) be the second derivative of 0 - 1/20*x**5 - 1/3*x**3 - 2*x**2 + 1/3*x**4 + 14*x. What are the prime factors of o(-5)?
3, 7, 11
Let s be (22/6)/(-11)*9. What are the prime factors of (-794)/s*(-141)/(-94)?
397
Let g(x) = x**2 - x - 4. Let p be g(0). Let j(d) = d. Let k be j(-6). What are the prime factors of ((-970)/(-15))/(p/k)?
97
Let w be (3/(-2))/((-3)/(-4)). List the prime factors of w/4 + 9456/32.
5, 59
Suppose -159918 = 84*q - 87*q. List the prime factors of q.
2, 11, 2423
Suppose -497499 - 524738 - 15283 = -20*l. What are the prime factors of l?
2, 3, 11, 131
Let p(y) = 23*y - 75. Let v(c) = -22*c + 77. Let f(t) = -5*p(t) - 4*v(t). What are the prime factors of f(-9)?
2, 5, 31
Let a = 131637 + -93349. List the prime factors of a.
2, 2393
What are the prime factors of ((-964963)/(-43))/(1 + -1 - -2 - 1)?
22441
Let q be (-2)/(-18) + 20535/(-135). Let w = q - -181. List the prime factors of w.
29
Let l(s) = -59*s + 778. What are the prime factors of l(-15)?
1663
Let x(t) = -1675*t - 5. Let g be x(-1). List the prime factors of (1 + 12/(-6))/(-2)*g.
5, 167
Let i(v) be the third derivative of -v**6/15 - v**5/30 + 13*v**4/24 + 7*v**3/2 + 155*v**2. What are the prime factors of i(-5)?
2, 3, 151
Suppose 7*k + 9*k = k + 217875. List the prime factors of k.
5, 7, 83
Suppose 5*h - 3*v - 165931 = 0, 0 = 29*h - 24*h - 5*v - 165935. What are the prime factors of h?
5, 6637
Suppose -70*x + 29738 + 59442 = 0.